 What is the highest common divisor of 11 and g?
11
Let h(p) = 3*p - 18. Let b be h(8). Suppose b = 2*y + 3*d, -3*y - 5*d + 2*d = -6. Let i be (-3)/2*(y + -4). What is the greatest common factor of 4 and i?
2
Suppose 4*t + 2*b + 34 = 0, b - 1 + 36 = -5*t. Let y be (1 - 4)*(-10)/t. Let z be (-1)/(-2)*-38*y. What is the greatest common divisor of z and 19?
19
Suppose 56 = -5*b + 191. Calculate the highest common factor of 6 and b.
3
Suppose -3*v + 18 = 4*y - v, y = -5*v + 9. What is the highest common factor of y and 844?
4
Let j(n) = -n + 8. Let i be j(7). Let b = i + 3. Let c be (b/5)/((-2)/(-40)). Calculate the greatest common divisor of 16 and c.
16
Let u(b) = 3*b**2 + 139*b + 102. Let g be u(-46). What is the highest common divisor of 280 and g?
56
Let b = 197 - 194. Calculate the greatest common divisor of b and 66.
3
Suppose -2*b - 5*b - 3269 = 0. Let j = b + -233. Let p be j/(-60) + (-1)/(-3). What is the highest common divisor of 18 and p?
6
Suppose h - 136 = 2*x, -11*x - 2 = -10*x. What is the greatest common factor of h and 759?
33
Suppose 0 = 8*t - 11*t + 93. Suppose -3*j + s = 2*j - 1398, 2*j - 570 = 4*s. Calculate the highest common factor of j and t.
31
Suppose 13 + 35 = 6*w. Let b be 3/(-9) + w/6. Let f = 24 + -14. What is the highest common divisor of f and b?
1
Suppose 0 = 6*r + 3*r - 2871. What is the greatest common factor of r and 29?
29
Suppose 0 = 2*d + 77 - 95. Let y(l) = 2*l**2 - 6*l - 3. Let o be y(d). Let q be 2/(-2) - -43*1. Calculate the highest common divisor of q and o.
21
Suppose -16065 = -52*a + 17*a. What is the highest common divisor of 34 and a?
17
Suppose -s + 30 + 47 = 0. Suppose 4*u - 134 = -3*h, -2*h + 103 - 7 = u. Let r be 330/h - (-2)/5. Calculate the highest common factor of s and r.
7
Let o be ((-1071)/(-6))/(-7)*84/9. Let v = -151 - o. Calculate the highest common factor of v and 29.
29
Suppose -4*s + 36 = 2*g, -4*s + 2*g + g = -46. Suppose -2*v + 4*o = 3*v - 918, s = -5*o. Calculate the greatest common factor of 13 and v.
13
Suppose 0 = a - 1 - 3. Suppose 0*m = -m - 1, -a*d = m - 127. Calculate the greatest common divisor of d and 8.
8
Let o(v) = 20*v**2 + 2*v - 7. Let s be o(-4). Suppose -5*d = -2*y + s, 4*y + 0*d = 4*d + 580. What is the highest common divisor of y and 56?
28
Let a = -69 + 73. Suppose 3*w - w - 2 = 0. What is the greatest common factor of w and a?
1
Let g(l) = -l**3 - 3*l**2 - l + 4. Let u be g(-2). Suppose 2*s - 590 + 228 = u*r, -r - 709 = -4*s. What is the greatest common factor of s and 16?
16
Suppose 0 = -3*y - 4*u + 2*u - 2, 4*u = 20. Let r be 1*-30*((-55)/(-15) + y). Calculate the greatest common factor of r and 30.
10
Suppose -5*z - 2566 = -3291. Calculate the highest common factor of z and 50.
5
Let q be (-5)/(1 + (-159)/144). Calculate the greatest common factor of 120 and q.
24
Let m be 91*(-1 + 4 + -1). What is the greatest common divisor of 273 and m?
91
Let k(j) = 3*j**2 - 1. Let s be k(1). Let a be (-48)/12 - -13*s. Suppose -4*q - 119 = -3*z, z + 2*q - 28 = q. What is the highest common factor of a and z?
11
Let y be (-38)/(-76)*(-72)/(-3). Calculate the greatest common divisor of y and 2556.
12
Suppose -5*h + 2*h + 350 = -4*y, -h + 2*y + 120 = 0. Suppose -v = -3*v + 80. Suppose i - 5*i + v = 0. Calculate the highest common factor of i and h.
10
Let z(t) = t**3 - 8*t**2 + 6*t + 10. Let c be 32/5 - 9/(-15). Let r be z(c). What is the greatest common divisor of r and 2?
1
Let q = 27 - 19. Suppose q*o + 98 = 362. Calculate the greatest common divisor of 11 and o.
11
Let p = 71 - 86. Let o = 60 + -21. Let w = p + o. Calculate the greatest common factor of w and 3.
3
Let b(r) = 2*r**2 + 31*r - 150. Let m be b(5). What is the greatest common divisor of m and 20?
5
Let i be (-3)/(-2)*16/6. Let d(j) = -15*j**3 + j**2 + 14*j + 14. Let p be d(-1). Calculate the greatest common divisor of p and i.
4
Let t be 1 + ((-60)/(-5))/3. Calculate the greatest common divisor of 160 and t.
5
Suppose -4*g + 103 = -9. What is the highest common factor of 16 and g?
4
Suppose 5*w + 3*p = 201, 216 = 5*w + 22*p - 24*p. What is the greatest common factor of 30 and w?
6
Let c(r) = -121*r**3 - 11*r**2 - 11*r - 1. Let q be c(-1). What is the highest common divisor of q and 280?
40
Suppose 7*r - 3*r = 24. Suppose -4*s = -5*q + 54, 0 = 3*q - r*s + 2*s - 26. Calculate the highest common factor of 21 and q.
7
Suppose 0 = -q - 0*q + 5*k + 118, -k = 3*q - 434. Calculate the greatest common divisor of q and 11.
11
Let v = 113 + -99. Let a be v/49 - 180/(-7). Calculate the highest common factor of 39 and a.
13
Let l(p) = p + 162. Let d be l(-50). Let w(t) = 10*t - 2. Let o be w(3). What is the highest common divisor of d and o?
28
Let y = -67 - -217. Calculate the highest common divisor of 90 and y.
30
Let r(w) = 18*w + 2. Let o(a) = 9*a + 1. Let k(v) = -5*o(v) + 3*r(v). Let y be k(6). What is the greatest common factor of y and 5?
5
Suppose 0 = -2*c - w + 21, -5*w + 31 - 6 = 0. Suppose 7*s - 683 = 45. What is the highest common divisor of s and c?
8
Suppose -18*y + 180 = -0*y. What is the greatest common factor of y and 160?
10
Suppose -602*l = -608*l + 372. What is the highest common factor of 62 and l?
62
Suppose 5 = -5*b, 4*t = 3*b - 6*b + 129. Suppose 7 + t = 2*x. Calculate the highest common factor of x and 140.
20
Suppose 23*f = 17*f + 54. Suppose -3*t - 2 = s, 4*t - 6*t + 2*s = -12. Let u = f + t. Calculate the highest common factor of 15 and u.
5
Let c be -1 + 35 + -1 - -2. Let o be 41 + -39 - 9*-27. Calculate the highest common factor of c and o.
35
Suppose 0 = 78*i - 73*i - 480. Calculate the highest common factor of i and 216.
24
Let l = -41 - -46. Suppose 2*m - 18 = c + 14, l*m - 5*c = 85. Suppose 3*g - 15 = -3*f, 2 - 6 = 4*g. What is the greatest common factor of m and f?
3
Let l(t) be the first derivative of t**3 - t**2/2 - 4*t + 19. Let r be l(2). What is the greatest common divisor of 54 and r?
6
Suppose -2*k = 2*k - 104. Let l = 23 + -10. Calculate the greatest common factor of k and l.
13
Suppose -u + 24 = -2*i, -3*u + 0*u = i - 58. Calculate the highest common factor of u and 540.
20
Let w(z) = -2*z**3 + 15*z**2 - 8*z + 10. Let r be w(7). Calculate the greatest common factor of 27 and r.
3
Let b(h) = h**2 + 11*h + 26. Let t be b(-6). Let d be 56/(-10)*((-12)/(-8) + t). What is the highest common factor of 154 and d?
14
Let q be (2/(-8))/(3/(-36)). Suppose -2 = -q*p + 16. Calculate the highest common divisor of 24 and p.
6
Suppose 7*x + 369 = 691. Calculate the greatest common factor of 115 and x.
23
Let q(c) = 3*c - 31. Let t be q(-7). Let m be ((-30)/26 - -1) + (-1724)/t. What is the greatest common divisor of 3 and m?
3
Let d(k) = k**2 + 2*k + 80. Let s(r) = -r - 40. Let j(m) = -2*d(m) - 5*s(m). Let f be j(0). What is the highest common factor of f and 8?
8
Suppose 0 = 5*h + 4*t - 360, 6*h - 2*t = 4*h + 144. Calculate the highest common divisor of h and 8.
8
Let n(g) = -10*g + 52. Let a be n(5). Suppose -4*p = 2*w + 8, p - a*p - 4 = 0. What is the greatest common factor of 28 and w?
4
Let h = -24 + 56. Calculate the greatest common divisor of h and 128.
32
Suppose 5*a - 21 = -l, 4*l - 27 = 4*a - 5*a. What is the highest common divisor of 186 and l?
6
Let v be (9/((-144)/(-40)))/(2/4). Let a = -64 - -89. Calculate the highest common factor of a and v.
5
Suppose -5*z = -484 - 446. Calculate the greatest common factor of z and 434.
62
Let a be (-144)/6*(-10)/(100/15). Calculate the greatest common factor of 3636 and a.
36
Let l(u) = u**2 + 7*u + 15. Let i be l(8). Suppose 0*t = t. Suppose -4*k - 71 = -5*b - 0*b, t = -3*b + k + 44. Calculate the greatest common factor of b and i.
15
Suppose 4*t - 202 = -3*j - 3, 0 = 4*j - 5*t - 255. Suppose 3 - 8 = -w. Suppose -5*r + j = w. What is the greatest common factor of r and 84?
12
Let s = 1735 - 706. What is the highest common divisor of 21 and s?
21
Suppose 0 = -2*p - 10*p + 132. Suppose 0*g - 2 = 2*g. Let a(k) = -100*k - 1. Let i be a(g). Calculate the highest common factor of i and p.
11
Suppose -2164*z - 1188 = -2175*z. Calculate the greatest common factor of 360 and z.
36
Let j = -233 - -395. Let b = -7136 - -7154. What is the greatest common factor of j and b?
18
Suppose 4*u - 57 = -3*o, -39*u = -44*u - 5*o + 65. What is the highest co